u + 17, 0 = -4*f + 5*u - 73. Let i = 32 - f. What is the units digit of i?
4
Let s(h) = -h**2 - h + 5. Let k be ((-21)/28)/(1/12). Let i be s(k). Let a = -38 - i. What is the tens digit of a?
2
Let p = -960 + 2366. What is the units digit of p?
6
Suppose -4*h - 16 = -4*t, 0 = -5*h - 4*t - 8 - 3. Let u(m) = 5*m**2 - m - 2. What is the tens digit of u(h)?
4
Let t(f) = 334*f**2 + 2*f + 1. Let y be t(-1). Let q = y + -229. Suppose -2*k = 26 - q. What is the tens digit of k?
3
Let l = 7665 - 4987. What is the tens digit of l?
7
Suppose 25 = -5*c, -c - 135 = -5*a + 4*c. Suppose -i + a = -5. What is the tens digit of i?
2
Let s(l) = -56 + l**2 + 113 + 17*l + 8*l. What is the units digit of s(-24)?
3
Let u(d) = -11*d - 1. Let m be u(-2). Suppose 2*h - 5 - m = 0. Suppose -h + 52 = p. What is the tens digit of p?
3
Suppose 4*c + 1407 = 11*c. What is the units digit of c?
1
Let q = -3988 - -7656. What is the tens digit of q?
6
Let g(y) = -y**3 - 7*y**2 - 9*y - 6. Suppose -5*q + 4*q + 3 = 0. Suppose q*t + 5*f = -3, -4*f + 0*f = 2*t. What is the tens digit of g(t)?
1
Let a = -272 - -139. Let v = a - -224. What is the units digit of v?
1
Suppose 3*m + w = -43, -2*m = m + 3*w + 51. Let a = 114 - 72. Let g = m + a. What is the tens digit of g?
2
Let g(j) = -j**2 - j + 3. Suppose -5*b - 5*l - 3 = -b, l + 9 = -5*b. Let s be g(b). What is the tens digit of (s - 14)/(-3 + 2)?
1
Let o be ((-33)/(-9) - 5)*(-3 - 0). Suppose 0 = 5*d - 5, 117 - 683 = -5*t + o*d. What is the hundreds digit of t?
1
Let t = 2 - -1. Suppose -t*w + 0*w + 15 = 0. Let p = 16 - w. What is the tens digit of p?
1
What is the hundreds digit of ((-20)/(-6) - 4)*-2*561?
7
Let y(c) = -c**3 + 6*c**2 - 7*c. Let d be y(3). Suppose -11*j + 2873 = d*j. What is the units digit of j?
9
Let v = 661 - 223. What is the units digit of v?
8
Let g = 1123 - 672. What is the tens digit of g?
5
Let s = -26 + 28. Suppose s*c = 155 - 47. What is the tens digit of c?
5
Suppose -5*v = -2 - 88. Suppose v = 2*n - 212. Suppose 5*o = 3*j + j + n, 62 = 3*o - j. What is the tens digit of o?
1
Let h = -54 + 60. Suppose 3*v = h, -3*x - 3*v = -0*x - 240. What is the tens digit of x?
7
Suppose 3*v = 5*h + 15, 5*v + 3*h + 9 = -0*v. Suppose g + v*g = -21. Let r = 35 + g. What is the tens digit of r?
1
What is the tens digit of ((-2950)/15 - -4)/(1/(-3))?
7
Suppose 4*f - 7 + 3 = 2*y, 0 = -4*y - 3*f - 19. Let k(m) = -2*m**2 - 3*m - 4. Let x be k(y). What is the tens digit of (-632)/x - 1/3?
2
Let o = 11 - 3. Suppose 0 = -7*c + 3*c + o. Let b(t) = 3*t**3 - 2*t**2 - t + 1. What is the units digit of b(c)?
5
Let s be (-17)/((-44)/40 + 1). Suppose 7*u + 5*z = 2*u + 165, 5*u + 4*z = s. What is the tens digit of u?
3
Let b be ((-34)/(-6))/((-3)/(-18)). Let c = b + -54. What is the units digit of (-1108)/c + 8/(-20)?
5
Suppose 0 = 7*w + 4 - 25. Suppose -4*g - j + 6*j = -591, j = -w. What is the units digit of g?
4
Let u(k) = k**3 + 6*k**2 + k + 6. Suppose -z + r - 3*r = 8, 5*z + 2*r = -32. Let w be u(z). Suppose w*o - 92 = -4*o. What is the units digit of o?
3
Let u be (-1 - -5)*27/12. Suppose -2*g + u = v, 0 = 2*g + 2*g - 4*v. What is the units digit of (2/g)/(13/234)?
2
Let t be (5 - 10)/(2/(-2)). Let m = 2 + t. What is the units digit of m/(-2)*(-3 + 1)?
7
Let v(c) = c**3 - 3*c**2 - 9*c - 5. Let k be v(5). Suppose -6*o - 3*o + 1809 = k. What is the units digit of o?
1
Suppose j + 2*v = 3*v - 5, 5*j - 2*v = -10. Suppose j = 2*o + 2*o - 208. What is the tens digit of o?
5
Suppose 2*y = 5*r - 23, 3*y + 19 + 3 = 5*r. Suppose -x + 5 = -5*p - 18, -p - 15 = 5*x. What is the units digit of y/(38/18 + x)?
9
Suppose 65 = c + 2*c - 5*v, 2*c - v - 55 = 0. Suppose 2*s = 3*b + c, 3*s + 2*b = 7*s - 68. What is the units digit of s?
8
Suppose -5395 = -12*s + 2681. What is the units digit of s?
3
Suppose 5*l - d = 8, 10*l - 3*d - 4 = 5*l. What is the tens digit of (3 - l) + (-96)/(-1)?
9
What is the tens digit of ((1182 - -10)/2)/((-1)/(-4))?
8
Let o be -2*(-3)/36 - 35/(-6). Suppose 2*c - m = -o*m + 189, -4*m - 295 = -3*c. What is the units digit of c?
7
Let m(l) = 7*l**3 - 3*l**2 + 3*l - 4. Let u be m(3). Suppose 4*s - 563 = -u. What is the units digit of s?
9
Suppose -21*j - 11970 = -25*j - 5*k, 0 = -3*j + 2*k + 8966. What is the tens digit of j?
9
Suppose w + 2392 + 1679 = 4*z, 0 = 2*z + w - 2043. What is the thousands digit of z?
1
Let a(n) = -n**3 + 9*n**2 + 13*n - 15. Let k be a(12). Let h = 430 + k. What is the units digit of h?
9
Let u = 32 - 34. Let b(o) = 13 - 3*o**3 - 11 + o - 4*o**2 - 3*o. What is the tens digit of b(u)?
1
Let l(g) = -g**2 + 18*g - 22. Let n be l(11). Let b = n - -16. What is the units digit of b?
1
Suppose -2*z - x + 651 = z, -4*x = 0. What is the units digit of z?
7
Let m = 1075 - -490. What is the hundreds digit of m?
5
Suppose 0 = -19*i + 2*i + 7973. Suppose -15*f + i = -8*f. What is the units digit of f?
7
Let k(b) = -b**3 + 4*b**2 + 3*b + 3. Let l be k(3). Suppose -23 = -y + 4*g + l, g + 161 = 4*y. What is the tens digit of y?
4
Suppose 0 = 32*a + 7*a - 16458. What is the hundreds digit of a?
4
Let f(l) = 2*l**2 + 7*l - 39. What is the units digit of f(9)?
6
Suppose -75*g - 5211 + 109161 = 0. What is the tens digit of g?
8
Suppose -6*s + 262 = -62. Let l = s - -16. What is the units digit of l?
0
Let d = -3 + -37. Let i = 45 + d. What is the units digit of i?
5
Let z(s) be the third derivative of s**6/120 + 7*s**5/30 - s**4/12 + 8*s**3/3 - 14*s**2. What is the tens digit of z(-14)?
4
Let i be (-216)/(-30)*55/2. Suppose -i = -6*y - 0*y. What is the units digit of y?
3
Let c(g) = 13*g**2 - 1. Let q be c(1). Let n be (q/(-8) - -2)*0. What is the tens digit of (-1 - n)/(1/(-24))?
2
Suppose 25*i = 39017 + 35483. What is the units digit of i?
0
Let q(z) = -4*z**2 - z**3 - 3 + 7 - 5*z + 3*z**2 + 2. Let k be q(-5). Suppose 0 = h + 4*l - 61, 4*h = -3*l + k + 100. What is the units digit of h?
7
Let b(r) = 3*r**2 - 10*r + 8. Let w be b(3). Suppose -44 = 3*z - w*z. What is the units digit of z?
2
Suppose 16*j - 17175 = 36969. What is the tens digit of j?
8
Suppose -5*v + 674 = -1271. What is the hundreds digit of v?
3
Suppose x - 9 = -2*x. Suppose 0 = 3*i + 6, -4*n - n = -5*i - 20. Suppose -5*m + f = -x*m - 2, -f = -n. What is the units digit of m?
2
Let r = 4831 + -2592. What is the units digit of r?
9
Let c(i) = 675*i + 121. What is the hundreds digit of c(2)?
4
What is the units digit of (-8)/(-2) - ((-4 - 936) + -2)?
6
Suppose -l + 2 = -9. Let t(s) = -s**2 + 18*s - 9. What is the tens digit of t(l)?
6
Let r(d) = -14*d - 6. Let s(u) = 13*u + 7. Let f(b) = -6*r(b) - 5*s(b). Let p be f(-1). What is the units digit of (p/12)/(3/(-26))?
3
What is the tens digit of 15/(-40) + (-3891)/(-8)?
8
Suppose -5*r + 863 = n, -5*n + 3969 = 2*r - 254. What is the tens digit of n?
4
Suppose 3*x = -16 - 5. Let j be (14/(-3))/x*-15. Let w(k) = k**2 + 4*k - 21. What is the units digit of w(j)?
9
Let x(i) = i**3 + 2*i**2 + 3*i + 4. Let h be x(-3). Let w be (-6)/h + (-442)/(-14). Suppose -40 = -2*o - 3*b, -3*o = -o + 5*b - w. What is the tens digit of o?
2
Let j be 0 + (2/(-2) - -6). Suppose -j*k + 72 = -183. What is the units digit of k?
1
What is the units digit of ((-3)/(18/9105))/((-21)/42)?
5
Suppose 3*b - 994 = -o, -3*o + 4*b = -1223 - 1759. What is the units digit of o?
4
Let c be 12/(-3)*(-8 + 7). Suppose c*g + 2*g - 210 = 0. What is the tens digit of g?
3
Let l be 14/(-63) - (-1 + 490/(-18)). Suppose 0 = -p + 56 + l. What is the tens digit of p?
8
Let j(m) = -5*m + 6051 + 0*m - 5*m - 3*m - 6056. Let a = -7 - -2. What is the tens digit of j(a)?
6
Let z(d) = 4 + 4 + 10*d + 3 - d**2. Let l be z(11). Suppose -2*b + 90 = -l*b. What is the tens digit of b?
4
Let f be 1 + 5/(-5)*1. Suppose -188 = -4*i - f*i. What is the tens digit of i?
4
Let v be ((-10)/4)/5*56. Let k be v/(-8) - (-6)/(-4). Suppose -2*i + 132 = k*i. What is the units digit of i?
3
Suppose 3*m = j + 185, 2*j - 3*m = 23 - 390. Let r = j - -277. Suppose 3*o = 8*o + 2*p - 159, -p + r = 3*o. What is the tens digit of o?
3
Let v(p) = -19*p. Let w(i) = i**3 - 2*i**2 - 1. Let n = -8 + 10. Let g be w(n). What is the tens digit of v(g)?
1
Let g(z) = -18*z - 22. Let y(c) = c**2 + 10*c - 7. Let h be y(-10). Let j be g(h). What is the units digit of j/6 - 2/(-3)?
8
Let u(o) = 6 + 5 + 4 